{"id":125,"date":"2014-02-14T11:40:54","date_gmt":"2014-02-14T11:40:54","guid":{"rendered":"https:\/\/kreditnemejuasociacija.lv\/?page_id=125"},"modified":"2018-01-03T13:02:30","modified_gmt":"2018-01-03T13:02:30","slug":"kontakti","status":"publish","type":"page","link":"https:\/\/kreditnemejuasociacija.lv\/?page_id=125","title":{"rendered":"Kontakti"},"content":{"rendered":"<div>LATVIJAS KRED\u012aT\u0145\u0112M\u0112JU ASOCI\u0100CIJA<\/div>\n<div>Re<a href=\"http:\/\/xn--xea.nr\/\" target=\"_blank\">\u0123.nr<\/a>. 40008220825<\/div>\n<div>Adrese: Tallinas iela 34-5, R\u012bga, LV-1001<\/div>\n<div>E-pasts:\u00a0<a href=\"http:\/\/mail.inbox.lv\/horde\/imp\/compose.php?to=mailto%3amkcentrs%40hotmail.com\">mkcentrs@hotmail.com<\/a><\/div>\n<div>Tel.: +371 25157553 ,\u00a0+371 29141525<\/div>\n","protected":false},"excerpt":{"rendered":"<p>LATVIJAS KRED\u012aT\u0145\u0112M\u0112JU ASOCI\u0100CIJA Re\u0123.nr. 40008220825 Adrese: Tallinas iela 34-5, R\u012bga, LV-1001 E-pasts:\u00a0mkcentrs@hotmail.com Tel.: +371 25157553 ,\u00a0+371 29141525<\/p>\n","protected":false},"author":1,"featured_media":0,"parent":0,"menu_order":0,"comment_status":"closed","ping_status":"closed","template":"","meta":{"footnotes":""},"class_list":["post-125","page","type-page","status-publish","hentry"],"_links":{"self":[{"href":"https:\/\/kreditnemejuasociacija.lv\/index.php?rest_route=\/wp\/v2\/pages\/125","targetHints":{"allow":["GET"]}}],"collection":[{"href":"https:\/\/kreditnemejuasociacija.lv\/index.php?rest_route=\/wp\/v2\/pages"}],"about":[{"href":"https:\/\/kreditnemejuasociacija.lv\/index.php?rest_route=\/wp\/v2\/types\/page"}],"author":[{"embeddable":true,"href":"https:\/\/kreditnemejuasociacija.lv\/index.php?rest_route=\/wp\/v2\/users\/1"}],"replies":[{"embeddable":true,"href":"https:\/\/kreditnemejuasociacija.lv\/index.php?rest_route=%2Fwp%2Fv2%2Fcomments&post=125"}],"version-history":[{"count":11,"href":"https:\/\/kreditnemejuasociacija.lv\/index.php?rest_route=\/wp\/v2\/pages\/125\/revisions"}],"predecessor-version":[{"id":519,"href":"https:\/\/kreditnemejuasociacija.lv\/index.php?rest_route=\/wp\/v2\/pages\/125\/revisions\/519"}],"wp:attachment":[{"href":"https:\/\/kreditnemejuasociacija.lv\/index.php?rest_route=%2Fwp%2Fv2%2Fmedia&parent=125"}],"curies":[{"name":"wp","href":"https:\/\/api.w.org\/{rel}","templated":true}]}}